 o and d?
40
Suppose 7*j - 9*j = -8. Suppose j*b - 8 = 6*b. Let k be 2 - (-2 - -1) - b. What is the highest common factor of 49 and k?
7
Suppose -205 = -5*c + 3*a, -5*a - 108 - 97 = -5*c. Suppose 31*h - 21*h = 0. Suppose -15*g + 21*g - 246 = h. What is the highest common factor of c and g?
41
Let j(q) = -q**3 + 14*q**2 + 19. Suppose 9 = t - d, 3*d - 15 = -0. Let k be j(t). Let w = 422 - 403. Calculate the greatest common divisor of w and k.
19
Suppose 144*v - 152*v = -920. What is the highest common divisor of v and 713?
23
Let k be (7 - 7 - 0) + 3. Suppose -248 = -k*u - 185. Calculate the highest common divisor of u and 63.
21
Let v(o) = 113*o**2 + 101*o + 585. Let p be v(-6). Calculate the highest common factor of p and 57.
57
Let j = -318 + 478. Let r(k) = -24*k - 4. Let m be r(3). Let u = m + j. Calculate the highest common divisor of 21 and u.
21
Let o(p) = 7*p**3 + 16*p**2 - 6*p**3 + 36 + 174*p - 389*p + 200*p. Let f be o(-17). Calculate the greatest common divisor of 27 and f.
1
Let j(u) = -u**3 - 3*u**2 + 26*u + 82. Let p be j(-5). Suppose 4*m = 5*y + 67, -3*m + 5 = -p*y - 47. What is the highest common divisor of 66 and m?
6
Let r = 1 + 2. Let m = -810 - -824. Let p be r*2 - 2*21/m. Calculate the highest common factor of p and 3.
3
Let m = 416 - 412. Suppose 188 = m*x - 5*u, 5*x - u + 0*u - 214 = 0. Calculate the highest common divisor of x and 168.
42
Let t be ((-1)/4*-9)/(276/19136). What is the highest common factor of t and 156?
156
Let i be (-60)/35*-7*92. What is the highest common factor of i and 460?
92
Let v be (-5)/((-10)/8) + (-1720)/(-20). Let g(m) = 17*m + 122. Let u be g(-4). Calculate the highest common factor of v and u.
18
Let y be ((2 - 1) + -78)*(-3 + 1). Let z = y - 79. Let t(m) = m**2 + 2*m + 15. Let i be t(0). Calculate the highest common factor of z and i.
15
Suppose -q = 2*q - 1029. Let w = 7359 - 7352. What is the greatest common factor of w and q?
7
Let d(x) = -x**3 + 8*x**2 - 8*x + 11. Let y be d(5). Let u = -57 + y. Let p(w) = w + 13. Let t be p(u). What is the highest common factor of t and 3?
1
Let g = 20242 - 1303. What is the highest common factor of g and 354?
177
Suppose 0 = -3*u - 4*m + 16, 6*u = 3*u + 5*m + 61. Calculate the greatest common factor of u and 3336.
12
Let q be (-3 + -6 - -14) + (-1 - 9245)/(-3). Calculate the highest common factor of 36 and q.
9
Suppose 0 = 5*u + 31 - 56. Suppose 0 = 4*r - u*j - 6 - 9, 0 = 2*r - 2*j - 10. What is the greatest common divisor of r and 70?
10
Let b(n) = 974*n**3 + 10*n**2 - 2*n - 7. Let t be b(1). Calculate the greatest common divisor of 1092 and t.
39
Let j be (-6)/((-2)/(-7) - (-209)/(-760)). Let l = j - -859. Calculate the greatest common divisor of 26 and l.
13
Suppose 66 + 55 = -3*u + 5*l, 5*l - 57 = u. Let d be (-8)/u + (-1582)/(-8). What is the highest common factor of d and 132?
66
Suppose -3*v + t = -325, 101 + 107 = 2*v - 5*t. What is the greatest common factor of 545 and v?
109
Suppose 130*i - 667 = 50*i + 57*i. What is the highest common divisor of 42 and i?
1
Let h(o) be the first derivative of -13*o**2 - 222*o + 12. Let z be h(-9). Calculate the highest common divisor of 30 and z.
6
Suppose 30498 = -108*x + 134*x. What is the greatest common divisor of 207 and x?
69
Let x = -16 - -52. Let o(l) = -24*l**2 + 273*l - 15. Let b be o(11). What is the highest common factor of x and b?
12
Let f be 378/(-56) - (-6)/8. Let o be (f - (-3 + -1)) + 13. Let d(q) = -q**2 - 12*q - 9. Let j be d(-10). What is the highest common divisor of j and o?
11
Let t be (-1)/1*(-23 - -9 - 1493). Calculate the highest common divisor of t and 274.
137
Suppose -3905 = -38*n + 5*n - 22*n. What is the greatest common divisor of 5893 and n?
71
Let b(c) = -c**3 + c**2 + 51*c + 107. Let f be b(-21). What is the greatest common divisor of f and 68?
34
Let m = -13299 - -13574. What is the greatest common factor of 75 and m?
25
Let x be 66/(-165) + 87/5. Let j be (9 - x)*(-1 - 1). What is the greatest common divisor of j and 72?
8
Suppose 0 = 4*i - x - 853, 0 = i + 2*i + 2*x - 648. Suppose 5*d = -4*p + 254 + 171, -2*p - 4*d + i = 0. Calculate the greatest common divisor of p and 42.
21
Suppose -22 = -0*h + 4*h - 2*u, -h - 5*u = -22. Let t(y) = -3 - 52*y + 28 + 106*y - 50*y. Let q be t(h). Calculate the highest common divisor of 52 and q.
13
Suppose 40 = 5*u - 4*u - 2*v, u + 4*v - 22 = 0. Let h be ((-272)/3)/((-6)/18). What is the highest common factor of h and u?
34
Let i(p) = 16*p**2 - 25*p + 162. Let s be i(6). Let j = 648 - s. What is the highest common divisor of j and 40?
20
Let v be ((-921)/(-1) - 1)*(8 - (40 - 35)). Calculate the highest common factor of 1242 and v.
138
Let s(y) = 3*y**3 - 14*y**2 - 3*y - 7. Let o(l) = 9*l**2 - 5*l - 6. Let b be o(-1). Let w be s(b). Calculate the greatest common factor of 87 and w.
87
Let x be (-95)/(-3) - 2/(-6). Suppose -5*f + 43840 = 5*y, -55*f + 57*f - 43825 = -5*y. Let p be 1/4 + y/276. What is the highest common factor of x and p?
32
Suppose -20 = 91*k - 90*k. Let i be (9/6)/(k/(-200)). Calculate the highest common factor of i and 20.
5
Let a = -341 + 545. Let n = -6110 - -6263. Calculate the highest common factor of n and a.
51
Suppose -12 = -10*q + 7*q. Suppose -4*r + 2*k - k = 171, -q*r - 161 = -3*k. Let b = -20 - r. What is the highest common divisor of 36 and b?
12
Suppose -3*t - 2750 = -5*b, -5*t + 1109 = 2*b - 8*t. Let r = -514 + b. What is the greatest common factor of r and 12?
3
Let j = -11058 + 11870. Calculate the greatest common divisor of j and 112.
28
Suppose 54 = l + l. Let n(j) = j**3 - 9*j**2 - 46*j + 37. Let r be n(13). Let g = 250 - r. What is the highest common divisor of g and l?
27
Let y = 173 - 320. Let x = 159 + y. What is the highest common divisor of x and 8?
4
Suppose 0 = k - 3*s - 31, 40*k - 45*k = 4*s - 79. Calculate the highest common divisor of 2983 and k.
19
Suppose -5*b + 5262 = 2*y, -166*b + 4*y = -162*b - 4232. What is the highest common divisor of b and 62?
62
Let i be (-39)/(-11) + (-42)/77. Let f(r) = -2*r**2 + 19*r - 37. Let z be f(i). What is the greatest common divisor of z and 5?
1
Let c(z) = -2*z**2 - 14*z + 245. Let m be c(8). What is the greatest common divisor of m and 3065?
5
Let v be (-15)/10*(-4 + -60). Let o = 141 - v. Suppose 6*t + 9*t = o. What is the highest common factor of t and 2?
1
Suppose 22*i - 18122 = -12*i. Calculate the greatest common factor of 39 and i.
13
Suppose 0 = -73*z - 50*z + 226443. What is the greatest common divisor of 7 and z?
7
Let o(l) = -l**2 + 10*l - 5. Let z be o(5). Suppose 3*w + 3*v = 352 + 86, -758 = -5*w + 2*v. Calculate the highest common divisor of z and w.
10
Let r(m) = -2*m**3 - 12*m**2 + 39*m + 139. Let c be r(-16). What is the greatest common divisor of c and 206?
103
Let n be 2684/(-16) + -2 + (-2)/8. Let t = n + 179. Calculate the greatest common divisor of 81 and t.
9
Suppose 4*c - 765 = u, -3*u - 965 = 8*c - 2510. Calculate the greatest common factor of 3184 and c.
16
Let h(d) = 51*d**2 + 196*d - 1. Let l be h(-4). Calculate the greatest common divisor of l and 31.
31
Let a(l) = 17*l**2 - 171*l - 1132. Let w be a(-6). Let v = -13 - -35. Calculate the highest common factor of w and v.
22
Suppose -8*u - 9344 = -u - 23*u. What is the greatest common divisor of u and 2482?
146
Let d = -694 + 496. Let u = -176 - d. Calculate the highest common divisor of u and 33.
11
Let w be 1*((-6885)/(-10))/(39/728). Calculate the greatest common divisor of w and 34.
34
Let n(t) = -302*t + 212. Let k be n(-4). Calculate the highest common divisor of 100 and k.
20
Suppose -28*v + 3*v - 8*v + 21912 = 0. What is the highest common divisor of 21580 and v?
332
Suppose 166464 = 144*s - 80*s. Calculate the highest common factor of s and 187.
17
Let v(h) = -7*h**3 - 4*h**2 - 4*h. Let n be v(-2). Suppose s - 2*o = -o + n, 5*o = -4*s + 228. What is the highest common factor of s and 338?
26
Let l(i) = 13828*i**2 - i - 2. Let p be l(1). What is the greatest common factor of p and 175?
175
Let t(m) = m**3 + 11*m**2 - 30*m - 69. Let f be t(11). Calculate the highest common factor of f and 155.
31
Let x(o) = -16*o - 866. Let b be x(-69). Calculate the highest common divisor of 3230 and b.
34
Let g be (9/6)/(-3) + (-247)/(-2). Let r = g + -83. Let o = -31 + r. What i